{"id":15,"date":"2017-02-10T17:07:36","date_gmt":"2017-02-10T17:07:36","guid":{"rendered":"https:\/\/erkkimelartin.fi\/em\/?page_id=15"},"modified":"2025-02-03T20:22:17","modified_gmt":"2025-02-03T20:22:17","slug":"erkki-melartin-seura-ry","status":"publish","type":"page","link":"https:\/\/erkkimelartin.fi\/em\/?page_id=15","title":{"rendered":"Erkki Melartin -seura ry &#8211; Erkki Melartin Society"},"content":{"rendered":"\n<p><big>Erkki Melartin -seura ry on vuonna 1997 perustettu aatteellinen yhdistys, jonka tarkoituksena on edist\u00e4\u00e4 s\u00e4velt\u00e4j\u00e4 Erkki Melartinin s\u00e4vellystuotannon julkistamista ja esitt\u00e4mist\u00e4 sek\u00e4 h\u00e4nen musiikkinsa ja el\u00e4m\u00e4nty\u00f6ns\u00e4 tutkimusta.<\/big><\/p>\n\n\n\n<p><big>Seura j\u00e4rjest\u00e4\u00e4 s\u00e4\u00e4nt\u00f6m\u00e4\u00e4r\u00e4isten kokousten yhteydess\u00e4 Melartinin musiikin esityksi\u00e4, Melartiniin liittyvi\u00e4 esitelmi\u00e4 sek\u00e4 muuta ohjelmaa. Seura j\u00e4rjest\u00e4\u00e4 my\u00f6s matkoja ja muita tilaisuuksia.<\/big><\/p>\n\n\n\n<p><big>Seura on julkaissut kahden CD-levyn verran Melartinin pianomusiikkia ja v\u00e4litt\u00e4\u00e4 muitakin Melartinin musiikin \u00e4\u00e4nitteit\u00e4. Seura tarjoaa j\u00e4senilleen my\u00f6s Suomen musiikkikirjastoyhdistyksen julkaisemat Melartin-aiheiset kirjat alennuksella.<\/big><\/p>\n\n\n\n<p><big>Seura tukee taloudellisesti ja henkisesti Melartinin musiikin esitt\u00e4ji\u00e4 (mm. stipendej\u00e4 Savonlinnan Melartin-kamarimusiikkikilpailun voittajille), julkaisijoita ja tutkijoita.<\/big><\/p>\n\n\n\n<p><big>Seuran toimintaa johtaa syyskokouksessa vuosittain valittava hallitus.<\/big><\/p>\n\n\n\n<p class=\"has-medium-font-size\"><strong>Voit seurata Melartin-juhlavuoden tapahtumia my\u00f6s <em>Facebookin<\/em> (Erkki Melartin -seura) ja <em>Instagramin<\/em> (melartin150) kautta.<\/strong><\/p>\n\n\n<div class=\"wp-block-image\">\n<figure class=\"aligncenter size-large is-resized\"><img loading=\"lazy\" decoding=\"async\" width=\"683\" height=\"1024\" src=\"https:\/\/erkkimelartin.fi\/em\/wp-content\/uploads\/2020\/07\/MelartinLogo_Pysty_RGB-683x1024.png\" alt=\"\" class=\"wp-image-637\" style=\"aspect-ratio:0.6656716417910448;width:223px;height:auto\" srcset=\"https:\/\/erkkimelartin.fi\/em\/wp-content\/uploads\/2020\/07\/MelartinLogo_Pysty_RGB-683x1024.png 683w, https:\/\/erkkimelartin.fi\/em\/wp-content\/uploads\/2020\/07\/MelartinLogo_Pysty_RGB-200x300.png 200w, https:\/\/erkkimelartin.fi\/em\/wp-content\/uploads\/2020\/07\/MelartinLogo_Pysty_RGB-768x1152.png 768w, https:\/\/erkkimelartin.fi\/em\/wp-content\/uploads\/2020\/07\/MelartinLogo_Pysty_RGB-1024x1536.png 1024w, https:\/\/erkkimelartin.fi\/em\/wp-content\/uploads\/2020\/07\/MelartinLogo_Pysty_RGB-1366x2048.png 1366w, https:\/\/erkkimelartin.fi\/em\/wp-content\/uploads\/2020\/07\/MelartinLogo_Pysty_RGB.png 1891w\" sizes=\"auto, (max-width: 683px) 100vw, 683px\" \/><\/figure>\n<\/div>","protected":false},"excerpt":{"rendered":"<p>Erkki Melartin -seura ry on vuonna 1997 perustettu aatteellinen yhdistys, jonka tarkoituksena on edist\u00e4\u00e4 s\u00e4velt\u00e4j\u00e4 Erkki Melartinin s\u00e4vellystuotannon julkistamista ja[&#8230;]<\/p>\n","protected":false},"author":1,"featured_media":0,"parent":0,"menu_order":0,"comment_status":"closed","ping_status":"closed","template":"","meta":{"footnotes":""},"class_list":["post-15","page","type-page","status-publish","hentry"],"_links":{"self":[{"href":"https:\/\/erkkimelartin.fi\/em\/index.php?rest_route=\/wp\/v2\/pages\/15","targetHints":{"allow":["GET"]}}],"collection":[{"href":"https:\/\/erkkimelartin.fi\/em\/index.php?rest_route=\/wp\/v2\/pages"}],"about":[{"href":"https:\/\/erkkimelartin.fi\/em\/index.php?rest_route=\/wp\/v2\/types\/page"}],"author":[{"embeddable":true,"href":"https:\/\/erkkimelartin.fi\/em\/index.php?rest_route=\/wp\/v2\/users\/1"}],"replies":[{"embeddable":true,"href":"https:\/\/erkkimelartin.fi\/em\/index.php?rest_route=%2Fwp%2Fv2%2Fcomments&post=15"}],"version-history":[{"count":4,"href":"https:\/\/erkkimelartin.fi\/em\/index.php?rest_route=\/wp\/v2\/pages\/15\/revisions"}],"predecessor-version":[{"id":1107,"href":"https:\/\/erkkimelartin.fi\/em\/index.php?rest_route=\/wp\/v2\/pages\/15\/revisions\/1107"}],"wp:attachment":[{"href":"https:\/\/erkkimelartin.fi\/em\/index.php?rest_route=%2Fwp%2Fv2%2Fmedia&parent=15"}],"curies":[{"name":"wp","href":"https:\/\/api.w.org\/{rel}","templated":true}]}}

<p><big>Erkki Melartin -seura ry on vuonna 1997 perustettu aatteellinen yhdistys, jonka tarkoituksena on edistää säveltäjä Erkki Melartinin sävellystuotannon julkistamista ja esittämistä sekä hänen musiikkinsa ja elämäntyönsä tutkimusta.</big></p>



<p><big>Seura järjestää sääntömääräisten kokousten yhteydessä Melartinin musiikin esityksiä, Melartiniin liittyviä esitelmiä sekä muuta ohjelmaa. Seura järjestää myös matkoja ja muita tilaisuuksia.</big></p>



<p><big>Seura on julkaissut kahden CD-levyn verran Melartinin pianomusiikkia ja välittää muitakin Melartinin musiikin äänitteitä. Seura tarjoaa jäsenilleen myös Suomen musiikkikirjastoyhdistyksen julkaisemat Melartin-aiheiset kirjat alennuksella.</big></p>



<p><big>Seura tukee taloudellisesti ja henkisesti Melartinin musiikin esittäjiä (mm. stipendejä Savonlinnan Melartin-kamarimusiikkikilpailun voittajille), julkaisijoita ja tutkijoita.</big></p>



<p><big>Seuran toimintaa johtaa syyskokouksessa vuosittain valittava hallitus.</big></p>



<p class="has-medium-font-size"><strong>Voit seurata Melartin-juhlavuoden tapahtumia myös <em>Facebookin</em> (Erkki Melartin -seura) ja <em>Instagramin</em> (melartin150) kautta.</strong></p>


<div class="wp-block-image">
<figure class="aligncenter size-large is-resized"><img loading="lazy" decoding="async" width="683" height="1024" src="https://erkkimelartin.fi/em/wp-content/uploads/2020/07/MelartinLogo_Pysty_RGB-683x1024.png" alt="" class="wp-image-637" style="aspect-ratio:0.6656716417910448;width:223px;height:auto" srcset="https://erkkimelartin.fi/em/wp-content/uploads/2020/07/MelartinLogo_Pysty_RGB-683x1024.png 683w, https://erkkimelartin.fi/em/wp-content/uploads/2020/07/MelartinLogo_Pysty_RGB-200x300.png 200w, https://erkkimelartin.fi/em/wp-content/uploads/2020/07/MelartinLogo_Pysty_RGB-768x1152.png 768w, https://erkkimelartin.fi/em/wp-content/uploads/2020/07/MelartinLogo_Pysty_RGB-1024x1536.png 1024w, https://erkkimelartin.fi/em/wp-content/uploads/2020/07/MelartinLogo_Pysty_RGB-1366x2048.png 1366w, https://erkkimelartin.fi/em/wp-content/uploads/2020/07/MelartinLogo_Pysty_RGB.png 1891w" sizes="auto, (max-width: 683px) 100vw, 683px" /></figure>
</div>

<p>Erkki Melartin -seura ry on vuonna 1997 perustettu aatteellinen yhdistys, jonka tarkoituksena on edistää säveltäjä Erkki Melartinin sävellystuotannon julkistamista ja[&#8230;]</p>
