{"id":358,"date":"2017-11-01T18:19:01","date_gmt":"2017-11-01T18:19:01","guid":{"rendered":"https:\/\/erkkimelartin.fi\/em\/?page_id=358"},"modified":"2017-11-01T18:19:01","modified_gmt":"2017-11-01T18:19:01","slug":"irma-melartin-pentti-savolaisen-haastateltavana-9-11-2002","status":"publish","type":"page","link":"https:\/\/erkkimelartin.fi\/em\/?page_id=358","title":{"rendered":"Irma Melartin Pentti Savolaisen haastateltavana 9.11.2002"},"content":{"rendered":"<p><a href=\"https:\/\/erkkimelartin.fi\/em\/wp-content\/uploads\/2017\/02\/IrmaMelartin-01.mp3\"><big>Irma Melartin Pentti Savolaisen haastateltavana 9.11.2002, osa 1<\/big><\/a><\/p>\n<p><big><a href=\"https:\/\/erkkimelartin.fi\/em\/wp-content\/uploads\/2017\/02\/IrmaMelartin-01.mp3\">Irma Melartin Pentti Savolaisen haastateltavana 9.11.2002, osa 2<\/a><br \/>\n<\/big><\/p>\n<p><a href=\"https:\/\/erkkimelartin.fi\/em\/wp-content\/uploads\/2017\/02\/Irma-Melartin.jpg\"><img loading=\"lazy\" decoding=\"async\" class=\"alignnone size-medium wp-image-204\" src=\"https:\/\/erkkimelartin.fi\/em\/wp-content\/uploads\/2017\/02\/Irma-Melartin-300x290.jpg\" alt=\"\" width=\"300\" height=\"290\" srcset=\"https:\/\/erkkimelartin.fi\/em\/wp-content\/uploads\/2017\/02\/Irma-Melartin-300x290.jpg 300w, https:\/\/erkkimelartin.fi\/em\/wp-content\/uploads\/2017\/02\/Irma-Melartin-768x742.jpg 768w, https:\/\/erkkimelartin.fi\/em\/wp-content\/uploads\/2017\/02\/Irma-Melartin-1024x989.jpg 1024w, https:\/\/erkkimelartin.fi\/em\/wp-content\/uploads\/2017\/02\/Irma-Melartin.jpg 1485w\" sizes=\"auto, (max-width: 300px) 100vw, 300px\" \/><\/a><\/p>\n<p><a href=\"https:\/\/erkkimelartin.fi\/em\/wp-content\/uploads\/2017\/02\/Irma-Melartin.jpg\">Irma Melartin vuonna 2002<\/a> (kuva Heikki Poroila)\u00a0 &#8211; Irma Melartin oli Erkki Melartinin Kurt-veljen tyt\u00e4r, joka sisarensa Esterin kanssa asui Pukinm\u00e4en huvilalla. Irma Melartin toimi t\u00e4rke\u00e4n\u00e4 linkkin\u00e4 s\u00e4velt\u00e4j\u00e4n muiston vaalimisessa, kun Erkki Melartin -seuraa perustettiin ja toimintaa hahmotettiin. Irma Melartin my\u00f6s lahjoitti Kansalliskirjastolle merkitt\u00e4v\u00e4n osan sen arkistossa nyt olevasta Melartin-aineistosta. Irma Melartin kuoli 2.6.2015 rauhallisesti unessa 101:n vuoden ik\u00e4isen\u00e4.<\/p>\n<p>&nbsp;<\/p>\n","protected":false},"excerpt":{"rendered":"<p>Irma Melartin Pentti Savolaisen haastateltavana 9.11.2002, osa 1 Irma Melartin Pentti Savolaisen haastateltavana 9.11.2002, osa 2 Irma Melartin vuonna 2002[&#8230;]<\/p>\n","protected":false},"author":1,"featured_media":0,"parent":19,"menu_order":0,"comment_status":"closed","ping_status":"closed","template":"","meta":{"footnotes":""},"class_list":["post-358","page","type-page","status-publish","hentry"],"_links":{"self":[{"href":"https:\/\/erkkimelartin.fi\/em\/index.php?rest_route=\/wp\/v2\/pages\/358","targetHints":{"allow":["GET"]}}],"collection":[{"href":"https:\/\/erkkimelartin.fi\/em\/index.php?rest_route=\/wp\/v2\/pages"}],"about":[{"href":"https:\/\/erkkimelartin.fi\/em\/index.php?rest_route=\/wp\/v2\/types\/page"}],"author":[{"embeddable":true,"href":"https:\/\/erkkimelartin.fi\/em\/index.php?rest_route=\/wp\/v2\/users\/1"}],"replies":[{"embeddable":true,"href":"https:\/\/erkkimelartin.fi\/em\/index.php?rest_route=%2Fwp%2Fv2%2Fcomments&post=358"}],"version-history":[{"count":1,"href":"https:\/\/erkkimelartin.fi\/em\/index.php?rest_route=\/wp\/v2\/pages\/358\/revisions"}],"predecessor-version":[{"id":359,"href":"https:\/\/erkkimelartin.fi\/em\/index.php?rest_route=\/wp\/v2\/pages\/358\/revisions\/359"}],"up":[{"embeddable":true,"href":"https:\/\/erkkimelartin.fi\/em\/index.php?rest_route=\/wp\/v2\/pages\/19"}],"wp:attachment":[{"href":"https:\/\/erkkimelartin.fi\/em\/index.php?rest_route=%2Fwp%2Fv2%2Fmedia&parent=358"}],"curies":[{"name":"wp","href":"https:\/\/api.w.org\/{rel}","templated":true}]}}

<p><a href="https://erkkimelartin.fi/em/wp-content/uploads/2017/02/IrmaMelartin-01.mp3"><big>Irma Melartin Pentti Savolaisen haastateltavana 9.11.2002, osa 1</big></a></p>
<p><big><a href="https://erkkimelartin.fi/em/wp-content/uploads/2017/02/IrmaMelartin-01.mp3">Irma Melartin Pentti Savolaisen haastateltavana 9.11.2002, osa 2</a><br />
</big></p>
<p><a href="https://erkkimelartin.fi/em/wp-content/uploads/2017/02/Irma-Melartin.jpg"><img loading="lazy" decoding="async" class="alignnone size-medium wp-image-204" src="https://erkkimelartin.fi/em/wp-content/uploads/2017/02/Irma-Melartin-300x290.jpg" alt="" width="300" height="290" srcset="https://erkkimelartin.fi/em/wp-content/uploads/2017/02/Irma-Melartin-300x290.jpg 300w, https://erkkimelartin.fi/em/wp-content/uploads/2017/02/Irma-Melartin-768x742.jpg 768w, https://erkkimelartin.fi/em/wp-content/uploads/2017/02/Irma-Melartin-1024x989.jpg 1024w, https://erkkimelartin.fi/em/wp-content/uploads/2017/02/Irma-Melartin.jpg 1485w" sizes="auto, (max-width: 300px) 100vw, 300px" /></a></p>
<p><a href="https://erkkimelartin.fi/em/wp-content/uploads/2017/02/Irma-Melartin.jpg">Irma Melartin vuonna 2002</a> (kuva Heikki Poroila)  &#8211; Irma Melartin oli Erkki Melartinin Kurt-veljen tytär, joka sisarensa Esterin kanssa asui Pukinmäen huvilalla. Irma Melartin toimi tärkeänä linkkinä säveltäjän muiston vaalimisessa, kun Erkki Melartin -seuraa perustettiin ja toimintaa hahmotettiin. Irma Melartin myös lahjoitti Kansalliskirjastolle merkittävän osan sen arkistossa nyt olevasta Melartin-aineistosta. Irma Melartin kuoli 2.6.2015 rauhallisesti unessa 101:n vuoden ikäisenä.</p>
<p>&nbsp;</p>
