{"id":66,"date":"2017-02-10T20:50:25","date_gmt":"2017-02-10T20:50:25","guid":{"rendered":"https:\/\/erkkimelartin.fi\/em\/?page_id=66"},"modified":"2025-01-20T13:09:16","modified_gmt":"2025-01-20T13:09:16","slug":"hallitus","status":"publish","type":"page","link":"https:\/\/erkkimelartin.fi\/em\/?page_id=66","title":{"rendered":"Hallitus &#8211; Board"},"content":{"rendered":"<h3>Erkki Melartin -seura ry:n hallitus vuonna 2025<\/h3>\n<ul>\n<li><strong>Tuire Ranta-Meyer<\/strong> &#8211; Puheenjohtaja, yhteiskuntasuhteiden johtaja, Metropolia 050 526 2002, <a href=\"mailto:tuire.ranta-meyer@metropolia.fi\">tuire.ranta-meyer@metropolia.fi<\/a><\/li>\n<li><strong>Heikki Poroila<\/strong> &#8211; Sihteeri ja taloudenhoitaja, musiikkikirjastonhoitaja, el\u00e4kkeell\u00e4 <a href=\"mailto:heikki.poroila@gmail.com\">heikki.poroila@gmail.com<\/a><\/li>\n<li><strong>Pekka Helasvuo<\/strong> &#8211; el\u00e4kkeell\u00e4 (varaj\u00e4sen)<\/li>\n<li><strong>Luukas Hiltunen<\/strong> &#8211; s\u00e4velt\u00e4j\u00e4<\/li>\n<li><strong>Jaakko Kortekangas<\/strong> &#8211; oopperalaulaja<\/li>\n<li><strong>Jani Kyll\u00f6nen<\/strong> &#8211; nuottigraafikko, varapuheenjohtaja<\/li>\n<li><strong>Outi Paananen<\/strong> &#8211; toimittaja, Yleisradio<\/li>\n<li><strong>Inkeri Pitk\u00e4ranta<\/strong> &#8211; el\u00e4kkeell\u00e4<\/li>\n<li><strong>Ilmo Ranta<\/strong> &#8211; pianotaiteilija, lehtori, Sibelius-Akatemia (varaj\u00e4sen)<\/li>\n<li><strong>Seppo Tuominen<\/strong> &#8211; el\u00e4kkeell\u00e4 (varaj\u00e4sen)<\/li>\n<li><strong>Pinja Ukkola<\/strong> &#8211; pianotaiteilija<\/li>\n<\/ul>\n","protected":false},"excerpt":{"rendered":"<p>Erkki Melartin -seura ry:n hallitus vuonna 2025 Tuire Ranta-Meyer &#8211; Puheenjohtaja, yhteiskuntasuhteiden johtaja, Metropolia 050 526 2002, tuire.ranta-meyer@metropolia.fi Heikki Poroila[&#8230;]<\/p>\n","protected":false},"author":1,"featured_media":0,"parent":15,"menu_order":0,"comment_status":"closed","ping_status":"closed","template":"","meta":{"footnotes":""},"class_list":["post-66","page","type-page","status-publish","hentry"],"_links":{"self":[{"href":"https:\/\/erkkimelartin.fi\/em\/index.php?rest_route=\/wp\/v2\/pages\/66","targetHints":{"allow":["GET"]}}],"collection":[{"href":"https:\/\/erkkimelartin.fi\/em\/index.php?rest_route=\/wp\/v2\/pages"}],"about":[{"href":"https:\/\/erkkimelartin.fi\/em\/index.php?rest_route=\/wp\/v2\/types\/page"}],"author":[{"embeddable":true,"href":"https:\/\/erkkimelartin.fi\/em\/index.php?rest_route=\/wp\/v2\/users\/1"}],"replies":[{"embeddable":true,"href":"https:\/\/erkkimelartin.fi\/em\/index.php?rest_route=%2Fwp%2Fv2%2Fcomments&post=66"}],"version-history":[{"count":17,"href":"https:\/\/erkkimelartin.fi\/em\/index.php?rest_route=\/wp\/v2\/pages\/66\/revisions"}],"predecessor-version":[{"id":1078,"href":"https:\/\/erkkimelartin.fi\/em\/index.php?rest_route=\/wp\/v2\/pages\/66\/revisions\/1078"}],"up":[{"embeddable":true,"href":"https:\/\/erkkimelartin.fi\/em\/index.php?rest_route=\/wp\/v2\/pages\/15"}],"wp:attachment":[{"href":"https:\/\/erkkimelartin.fi\/em\/index.php?rest_route=%2Fwp%2Fv2%2Fmedia&parent=66"}],"curies":[{"name":"wp","href":"https:\/\/api.w.org\/{rel}","templated":true}]}}

<h3>Erkki Melartin -seura ry:n hallitus vuonna 2025</h3>
<ul>
<li><strong>Tuire Ranta-Meyer</strong> &#8211; Puheenjohtaja, yhteiskuntasuhteiden johtaja, Metropolia 050 526 2002, <a href="mailto:tuire.ranta-meyer@metropolia.fi">tuire.ranta-meyer@metropolia.fi</a></li>
<li><strong>Heikki Poroila</strong> &#8211; Sihteeri ja taloudenhoitaja, musiikkikirjastonhoitaja, eläkkeellä <a href="mailto:heikki.poroila@gmail.com">heikki.poroila@gmail.com</a></li>
<li><strong>Pekka Helasvuo</strong> &#8211; eläkkeellä (varajäsen)</li>
<li><strong>Luukas Hiltunen</strong> &#8211; säveltäjä</li>
<li><strong>Jaakko Kortekangas</strong> &#8211; oopperalaulaja</li>
<li><strong>Jani Kyllönen</strong> &#8211; nuottigraafikko, varapuheenjohtaja</li>
<li><strong>Outi Paananen</strong> &#8211; toimittaja, Yleisradio</li>
<li><strong>Inkeri Pitkäranta</strong> &#8211; eläkkeellä</li>
<li><strong>Ilmo Ranta</strong> &#8211; pianotaiteilija, lehtori, Sibelius-Akatemia (varajäsen)</li>
<li><strong>Seppo Tuominen</strong> &#8211; eläkkeellä (varajäsen)</li>
<li><strong>Pinja Ukkola</strong> &#8211; pianotaiteilija</li>
</ul>
